16*o**2 + 4*o + 66. Determine r(-16).
2
Let l(u) = -2*u**3 + 35*u**2 - 15*u - 36. What is l(17)?
-2
Let w(n) = -3*n**3 + 32*n**2 - 17*n - 14. Determine w(10).
16
Let a(l) = -l**3 + 8*l**2 - 2*l + 2. Give a(8).
-14
Let o(s) = 5*s + 6. Determine o(-6).
-24
Let k(r) = -3*r - 17. Give k(-8).
7
Let z(q) = -q**3 - 5*q**2 + 4*q - 5. Determine z(-6).
7
Let l(i) = 3*i**2 - 3*i - 4. Determine l(2).
2
Let n(d) = d**2 + 22*d + 71. Calculate n(-21).
50
Let x(f) = 27*f - 2. Give x(1).
25
Let g(n) = n**3 + n + 10. What is g(0)?
10
Let g(b) = 11*b - 228. Calculate g(21).
3
Let s(k) = -2*k - 2. Calculate s(8).
-18
Let z(q) = 66*q - 2. Give z(-1).
-68
Let l(m) = 2*m - 26. Give l(7).
-12
Let x(y) = -23*y + 9. What is x(0)?
9
Let s(g) = -7*g**3 + g**2 - 5*g + 4. What is s(1)?
-7
Let i(s) = s**3 - 7*s**2 + 4*s - 1. Give i(5).
-31
Let m(y) = 6*y - 27. Give m(8).
21
Let b(p) = p**2 - 2*p + 29. Give b(0).
29
Let v(x) = -x**2 + 29*x + 8. Determine v(0).
8
Let l(a) = 28*a**3 + 2*a**2 + a. Determine l(-1).
-27
Let q(x) = -11*x + 291. Calculate q(26).
5
Let m(j) = -6*j + 18. What is m(8)?
-30
Let l(d) = -d**3 - 27*d**2 - 52*d - 41. Determine l(-25).
9
Let f(u) = -u**2 + 42*u - 408. Give f(27).
-3
Let b(k) = 12*k - 10. Give b(6).
62
Let f(v) = -v**2 - 18*v + 43. Give f(-21).
-20
Let m(i) = i**3 + 6*i**2 + 2*i + 5. What is m(-6)?
-7
Let l(q) = -q**3 - 2*q**2 + q + 14. Determine l(0).
14
Let z(j) = j**2 - 21*j + 29. Determine z(18).
-25
Let m(t) = t**2 + t - 38. Give m(7).
18
Let h(u) = -u**2 + 4*u - 1. Give h(8).
-33
Let q(m) = m**3 + 9*m**2 - 12*m - 2. Determine q(-10).
18
Let g(l) = l**3 - 29*l**2 - l + 14. What is g(29)?
-15
Let f(q) = -4*q**2 + 4*q - 16. Determine f(4).
-64
Let t(y) = -y + 16. Determine t(0).
16
Let z(g) = g + 28. Calculate z(-8).
20
Let n(r) = r**3 + 2*r**2 + 3*r + 1. Give n(-2).
-5
Let d(t) = 11*t**3 - t**2 - t - 1. Calculate d(-1).
-12
Let q(m) = -m**2 - 3*m + 14. Determine q(-7).
-14
Let k(z) = -12*z**2 - z + 1. Give k(-1).
-10
Let v(b) = b + 78. Give v(-23).
55
Let g(p) = 9*p + 1. Determine g(-5).
-44
Let g(t) = -18*t + 12. Determine g(1).
-6
Let c(d) = -d**3 + 26*d - 56. Calculate c(3).
-5
Let n(r) = -3*r + 70. Calculate n(0).
70
Let n(o) = -o**2 - 42*o + 456. What is n(9)?
-3
Let o(a) = a**3 + 13*a**2 + 12*a + 2. Determine o(-12).
2
Let t(q) = -16*q**2 + q. Give t(-1).
-17
Let n(w) = -w**2 - 7*w + 38. Determine n(-12).
-22
Let b(q) = -2*q - 2. Calculate b(-2).
2
Let h(j) = -j**3 + 6*j**2 + 3*j - 4. Calculate h(3).
32
Let v(q) = -q**3 - 33*q**2 - 64*q - 42. Calculate v(-31).
20
Let x(s) = -8*s**2 + 88*s - 24. Determine x(11).
-24
Let i(y) = -2*y**3 + 6*y**2 + 3*y - 10. Calculate i(3).
-1
Let l(h) = -h**3 + 2*h**2 + 15*h + 11. Determine l(5).
11
Let s(c) = -c. Determine s(-8).
8
Let u(f) = -f + 59. Give u(-21).
80
Let z(y) = y**2 - 10*y - 5. What is z(8)?
-21
Let y(l) = l**3 + 12*l**2 + 4*l + 8. What is y(-12)?
-40
Let f(p) = p**2 - 14*p + 24. Determine f(12).
0
Let s(f) = -14*f - 107. Give s(-10).
33
Let t(x) = 3*x**3 - 5*x**2 + 5*x + 4. Give t(3).
55
Let m(u) = -u**2 + 9*u + 32. Calculate m(12).
-4
Let j(g) = -g**3 - 7*g**2 + 6*g - 6. Calculate j(-8).
10
Let u(d) = -5*d**2 - 4*d - 3. What is u(-2)?
-15
Let w(f) = -f**3 - 8*f**2 + 7*f + 7. What is w(-9)?
25
Let u(y) = 4*y - 24. Calculate u(-7).
-52
Let p(g) = -g**3 + 3*g**2 - 8. Calculate p(3).
-8
Let l(g) = g**2 + 46*g + 111. Determine l(-44).
23
Let q(b) = b + 25. What is q(-17)?
8
Let v(d) = d + 1. Give v(3).
4
Let f(i) = -i + 24. What is f(18)?
6
Let x(r) = r**3 + 18*r**2 + 79*r + 11. Determine x(-7).
-3
Let n(m) = m**3 + 7*m**2 + 4*m - 7. Calculate n(-6).
5
Let c(f) = -3*f + 78. Determine c(27).
-3
Let t(v) = 2*v - 10. Determine t(6).
2
Let x(y) = -y**2 + 25*y + 28. Give x(26).
2
Let m(c) = -7*c + 2. What is m(1)?
-5
Let i(s) = -30*s - 36. What is i(-4)?
84
Let t(j) = -9*j + 298. What is t(34)?
-8
Let d(c) = -c**2 + 80. Give d(10).
-20
Let l(a) = a**3 + 10*a**2 + 9*a + 8. Calculate l(-9).
8
Let l(v) = v**3 - 29*v**2 - 8*v + 2. Give l(29).
-230
Let m(f) = 49*f**3 + 4*f**2 + 6*f + 1. Calculate m(-1).
-50
Let i(m) = 3*m. What is i(1)?
3
Let n(m) = 2*m - 15. Give n(11).
7
Let h(v) = -41*v - 80. What is h(-4)?
84
Let u(j) = -j**2 - 5*j + 4. Determine u(-6).
-2
Let b(q) = -q - 3. Calculate b(-5).
2
Let k(p) = -p**3 + 2*p**2 + 3*p. Determine k(5).
-60
Let z(b) = -3*b**3 - 25*b**2 - 11*b - 17. Calculate z(-8).
7
Let l(i) = 5*i**3 - i**2 + i + 2. Determine l(-1).
-5
Let m(k) = k**2 + k - 79. Calculate m(8).
-7
Let h(t) = t + 19. Give h(-10).
9
Let c(n) = -n**3 + 4*n**2 + 13*n + 26. Give c(-3).
50
Let f(p) = 2*p**2 - 6*p - 176. Calculate f(-8).
0
Let d(x) = x**3 + 10*x**2 - 7*x + 44. Give d(-11).
0
Let h(v) = v**2 + 16*v + 50. Determine h(-3).
11
Let n(l) = -3*l**3 - l**2 - 2*l - 1. Calculate n(2).
-33
Let j(t) = -2*t - 31. What is j(-20)?
9
Let b(n) = -n**2 + 17*n + 54. Calculate b(20).
-6
Let f(s) = -3*s**2 + 19*s - 8. Determine f(4).
20
Let d(s) = 161*s - 1450. What is d(9)?
-1
Let z(x) = -x**2 - 44*x - 235. Give z(-6).
-7
Let i(c) = 2*c - 3. What is i(2)?
1
Let c(r) = r**2 + r - 5. Determine c(-4).
7
Let x(w) = -21*w - 630. Determine x(-30).
0
Let d(y) = 16*y - 22. Give d(2).
10
Let m(p) = p**3 + 14*p**2 + 7*p - 13. What is m(-13)?
65
Let p(h) = 3*h**2 - 15*h + 8. Give p(4).
-4
Let u(m) = -9*m**3 - 2*m**2 + 6*m - 6. What is u(3)?
-249
Let l(z) = -20*z - 111. Determine l(-5).
-11
Let y(o) = -o**2 + 11*o - 22. Determine y(7).
6
Let c(h) = h**2 + 3*h - 2. What is c(-4)?
2
Let r(k) = -k + 6. Determine r(3).
3
Let b(w) = w**3 - 10*w**2 - 5*w + 24. Calculate b(10).
-26
Let i(s) = -21*s + 131. Give i(6).
5
Let m(w) = -w**2 + 26*w + 75. Give m(31).
-80
Let c(k) = -k**3 + 12*k**2 - 10*k + 5. Determine c(11).
16
Let a(i) = -5*i - 53. Calculate a(-13).
12
Let c(l) = -2*l**2 - 3*l + 5. What is c(-4)?
-15
Let m(b) = -b + 29. What is m(29)?
0
Let b(o) = o**2 - 6*o - 11. Calculate b(11).
44
Let a(x) = -x**2 - 13*x + 8. Give a(-15).
-22
Let d(b) = -b**2 + b + 21. What is d(5)?
1
Let r(j) = -j**2 + 8*j - 6. What is r(7)?
1
Let w(x) = 13*x - 8. Give w(5).
57
Let o(h) = 2*h + 15. What is o(-7)?
1
Let t(a) = -13*a - 7. Calculate t(-1).
6
Let m(v) = -v**3 + 5*v**2 - 4*v + 5. Give m(3).
11
Let a(d) = -d**3 - 13*d**2 - 16*d - 73. Determine a(-12).
-25
Let y(j) = -23*j + 49. Determine y(-6).
187
Let b(c) = c**2 + 20*c - 6. Calculate b(-20).
-6
Let i(a) = -a**2 - 77*a - 158. Determine i(-75).
-8
Let t(a) = -40*a**2 - 15*a + 14. Determine t(1).
-41
Let z(c) = c**2 + 7*c + 7. Calculate z(-7).
7
Let w(a) = -a**2 + 6*a + 3. Determine w(7).
-4
Let q(x) = x**3 + 15*x**2 + 12*x - 20. What is q(-14)?
8
Let c(w) = w**3 + 7*w**2 + w - 27. Determine c(-6).
3
Let l(t) = 31*t**3 - 6*t**2 + 7*t - 1. Determine l(1).
31
Let l(g) = -10*g + 44. Give l(5).
-6
Let b(l) = -l - 5. Calculate b(9).
-14
Let h(o) = 7*o - 25. Give h(3).
-4
Let i(l) = -l**3 + 2*l**2 - 6*l. Determine i(4).
-56
Let m(t) = t**2 + 14*t - 80. What is m(-18)?
-8
Let c(y) = -y**3 + 10*y**2 + 12*y - 15. Determine c(11).
-4
Let y(f) = f**2 + 2*f - 4. Determine y(3).
11
Let u(z) = 10*z**2. Determine u(-1).
10
Let s(m) = -m**3 - 4*m**2 + 2*m + 8. Give s(-4).
0
Let j(n) = -3*n**2 - n + 1. Give j(2).
-13
Let b(q) = -2*q**2 + 30*q + 3. Calculate b(15).
3
Let i(q) = q**3 + 5*q**2 + q + 22. Calculate i(-5).
17
Let a(r) = -13*r**3 - r**2 + 1. What is a(1)?
-13
Let o(v) = -9*v - 143. Calculate o(-17).
10
Let j(l) = -2*l - 38. Determine j(-15).
-8
Let p(t) = -31*t + 89. Calculate p(3).
-4
Let a(w) = 4*w - 9. Determine a(5).
11
Let r(k) = -2*k**2 + 37*k - 52. Determine r(17).
-1
Let p(o) = -2*o**2 - 9*o + 15. Determine p(-6).
-3
Let o(x) = -x**2 - x + 6. Determine o(-3).
0
Let a(j) = 4*j + 157. Determine a(-40).
-3
Let y(o) = -o**3 - 9*o**2 - 10*o - 10. Determine y(-8).
6
Let u(g) = -15*g + 21. Determine u(3).
-24
Let v(c) = -c**2 + 4*c + 18. Determine v(6).
6
Let n(c) = -4*c**3 - 26*c**2 - 14*c - 13. Determine n(-6).
-1
Let r(c) = -8*c + 26. Determine r(12).
-70
Let y(g) = -6*g - 7. Determine y(-7).
35
Let c(t) = -t**3 + 2*t**2 + 14*t - 9. Calculate c(6).
-69
Let o(l) = -l**3 - 12*l**2 - l - 13. What is o(-12)?
-1
Let j(o) = -5*o - 14. What is j(6)?
-44
Let m(l) = -l**3 + 3*l**2 + 2*l + 6. Calculate m(4).
-2
Let r(k) = -k - 12. What is r(-7)?
-5
Let n(m) = -5*m + 4. Determine n(4